+ 1. Let i be u(-2). Let w be (12/i)/(5/210*-1). What is the greatest common factor of 8 and w?
8
Suppose -5*m = 5*j - 55, -5*m = -4*j - j - 5. Let z be m/(-15) + 8/(-5) - -102. Calculate the greatest common divisor of 5 and z.
5
Suppose 5*z = -b + 104, -z - 2*b = -4*b - 23. Let i = 587 - 566. What is the greatest common divisor of z and i?
21
Let i = -202 + 535. What is the greatest common factor of i and 37?
37
Let c = 59 + 27. Let n = c + -73. What is the greatest common divisor of n and 52?
13
Let d(o) = -o**2 - 2*o + 16. Let b be d(2). What is the greatest common divisor of 20 and b?
4
Let n(c) = c**2 - 6*c + 7. Let q be n(5). Suppose 7 = q*g - 47. What is the greatest common divisor of 216 and g?
27
Let p = -2247 - -2567. What is the highest common divisor of p and 30?
10
Suppose -6*m + m = -h + 34, 5*m - 8 = -2*h. Let j(i) = 0*i**2 - 2*i**3 + 5*i**2 + i**3 - 4*i**2. Let o be j(-1). Calculate the highest common factor of o and h.
2
Let q(s) = 7*s**3 + 8*s - 8. Let p be q(1). What is the highest common factor of p and 14?
7
Let p be 4/((-4)/8 + 1). Let f(b) = -b**3 + 8*b**2 + b + 7. Let s be f(p). What is the greatest common factor of s and 10?
5
Suppose -1 = 5*c - 6*c. Let u be c/((-2)/3 - -1). Let o be ((-50)/u)/((-14)/21). What is the greatest common factor of o and 25?
25
Let t be 41 + -1 + 0 + 2 + 2. Let f(s) = s**3 + 11*s**2 + 19*s + 4. Let g be f(-8). Calculate the greatest common divisor of g and t.
44
Let m(h) = 2*h**2 + 4*h - 14. Let s be m(5). What is the highest common divisor of 16 and s?
8
Let q(r) = r**3 - 12*r**2 + 12*r - 4. Let s be q(11). Let l be 96/s - (-4)/14. Suppose -3*k + l = -13. What is the greatest common divisor of 63 and k?
9
Let q be 8 + -3 + -1 + 2. Suppose -2*z - 2 = -q. Suppose 4*p - 116 = 4*t, 0*p - 2*p = z*t - 38. What is the highest common factor of p and 60?
12
Let l = -61 - -261. What is the highest common divisor of l and 20?
20
Suppose 2*u = p - 26, p - 6*p = -5*u - 110. Suppose 2*f - 48 - p = 0. What is the highest common divisor of f and 33?
33
Let f be (-6)/9 - (4 + (-60)/9). Suppose -30 = -j - f*j. Calculate the highest common divisor of j and 25.
5
Let p(o) = -2*o + 6. Suppose -10*m = -13*m. Let s be (m + -5)/((-1)/(-3)). Let b be p(s). Calculate the greatest common factor of b and 24.
12
Suppose 2*s = 6*s + 16, 54 = 3*j - 3*s. Let p be (j/6)/(2 - 34/18). Suppose -6 - 1 = -y. What is the greatest common divisor of p and y?
7
Let i be 33 - 10 - (-5 - 0). Let n be (-4)/(-10)*10*56. What is the highest common divisor of n and i?
28
Let y be (18*10)/(45/10 + -3). Let u be (y/36)/(2/18). Calculate the highest common divisor of u and 12.
6
Let n = 347 + -315. Calculate the highest common factor of n and 32.
32
Let r = 262 - 248. What is the greatest common divisor of r and 2?
2
Let k(b) = -b**2 + 15*b - 20. Let m = 112 - 107. Let a be k(m). Calculate the greatest common divisor of 40 and a.
10
Suppose 5*k = -87 + 222. Suppose -y = 3*b - 570, 3*y - 765 = -6*b + 2*b. What is the greatest common factor of k and b?
27
Suppose -15*r + 16*r - 6 = 0. Let w = -26 - -50. What is the highest common factor of r and w?
6
Let g(d) = d**3 + 6*d**2 + 8*d + 9. Let p be 16/20*(2 + 28). Let s = 20 - p. Let o be g(s). What is the greatest common divisor of 9 and o?
9
Suppose -26*l - 135 = -551. What is the highest common factor of 24 and l?
8
Let g(a) = 15*a + 9. Let l be g(5). Let y = -38 + 94. What is the greatest common divisor of l and y?
28
Suppose 30*z - 29*z = 4. Let l be (-4)/56*z + 86/7. What is the greatest common factor of 60 and l?
12
Let x(k) = -k**3 + 47*k**2 - 82*k + 132. Let a be x(45). What is the highest common divisor of a and 24?
12
Suppose 5*i + 8*g = 4*g + 608, -3*i + 4*g + 352 = 0. What is the highest common divisor of 8 and i?
8
Suppose 5*h + w - 822 = 0, 3*h + 6*w - w = 502. Let r = h - 108. Let j = 11 - 3. What is the greatest common factor of j and r?
8
Let w = 38 + -8. Let d be w*3*(-3)/(-9). Suppose -d = -3*c + c. What is the highest common factor of c and 15?
15
Suppose 2*g - z - 3 = 0, -2*g - 7 = z - 4*z. Suppose -10 = 5*p, 3*a = g*p + 1 + 13. Suppose -4*q + 6 + a = 0. Calculate the greatest common divisor of q and 10.
2
Suppose 4*h = 119 + 105. Calculate the greatest common divisor of h and 14.
14
Suppose 26 = p + 3*h, -h + 38 = 2*p + p. Let f = -7 + p. Suppose -3*r - 81 = -f*r. Calculate the greatest common factor of r and 9.
9
Suppose -10*o = -150 - 140. Suppose -4*y + 3*y = a - 141, -3*a + 133 = y. What is the highest common divisor of y and o?
29
Suppose -3*t + 1501 = -4*w, 2*t - 12*w + 17*w - 970 = 0. Calculate the highest common divisor of t and 55.
55
Let g(b) = -2*b - 2. Let w be g(-3). Suppose 19*n - 15*n = 96. Suppose -4*d - w*i = -n, 5*d + 5*i = 4*i + 38. What is the greatest common factor of d and 64?
8
Let y = 744 + -697. What is the highest common divisor of y and 47?
47
Let o be 7/((-28)/(-16)) - 0. Suppose 3*b + 4*a - o - 49 = 0, 2*b - 3*a - 24 = 0. Let t be 0 - b*(-1)/1. What is the greatest common factor of 6 and t?
3
Suppose -46*m + 13 = -210 - 237. Let v = 121 + 209. Suppose -2*c = c - v. Calculate the greatest common factor of c and m.
10
Suppose -5*d + 48 = -d. Let n = -27 + 28. Suppose h - 19 + n = 0. Calculate the greatest common divisor of d and h.
6
Suppose 2*d + 8*n - 121 = 3*n, 0 = 2*d - 5*n - 151. What is the greatest common divisor of d and 493?
17
Let u = -375 - -380. Calculate the greatest common divisor of u and 11.
1
Let g be (-10)/(-55) + 2*326/44. Suppose -2*a = -4*u + 2*a + 16, -4*u + 25 = 5*a. Calculate the greatest common factor of u and g.
5
Let j(i) = i**2 + 10*i - 18. Let a be j(-12). Calculate the greatest common divisor of 2 and a.
2
Suppose -3*x = 12, r - 64 = 59*x - 60*x. What is the greatest common divisor of 323 and r?
17
Let q(s) = 3*s**2 - s + 11. Let n be q(5). Let l be 79/2 + 6/(-4). Suppose 3*r - l = -11. What is the highest common factor of r and n?
9
Suppose -3*l + 19 = 4*n, -n + 5*n + 1 = l. Suppose -3*m - 2 = -l. What is the highest common divisor of 8 and m?
1
Let f be -1 + -2 - (-462)/28*14. Calculate the greatest common divisor of 969 and f.
57
Let j = 12 - 8. Suppose 11 + 9 = 4*m - j*w, -m = 2*w + 4. Let t(x) = 14*x - 2. Let o be t(m). What is the highest common divisor of 39 and o?
13
Suppose 776*s - 777*s = -47. What is the highest common factor of s and 376?
47
Suppose 5*c - 33 + 13 = 0. Suppose -c*d - 38 = -8*d + 5*b, -30 = -2*d - 3*b. Calculate the greatest common factor of d and 60.
12
Let v(s) = -s - 4. Let n be v(15). Let m(j) = -j**3 - 20*j**2 - 20*j - 9. Let p be m(n). Calculate the greatest common divisor of 50 and p.
10
Suppose 2*g - 255 = -k - 45, k - 4*g - 216 = 0. Calculate the highest common factor of k and 4.
4
Let l = -53 + 59. Let i be 5/3*(15 - l). What is the highest common divisor of 5 and i?
5
Let a be (6/8)/(6/32). What is the highest common divisor of a and 34?
2
Let b = 1805 + -1791. Suppose -2*s = -4*t + 170, -2*s - 171 = -5*t + 41. Calculate the highest common factor of t and b.
14
Let p be (1/((-2)/(-16)))/((-52)/(-832)). What is the greatest common divisor of p and 160?
32
Let h = 371 - 368. What is the greatest common factor of 39 and h?
3
Let s be 5*(-1 - (-3)/(-5)). Let r be (-1)/4 + (-42)/s. Let f be 273/18 - r/30. What is the highest common divisor of 105 and f?
15
Let d = 13 - 12. Let g(t) = 41*t**2 - 2*t + 1. Let k be g(d). What is the greatest common divisor of 8 and k?
8
Suppose y - 34 = -31. Let v = 8 + y. Calculate the highest common divisor of 44 and v.
11
Let p be -2*2 - 9/(126/(-196)). Calculate the highest common divisor of p and 1990.
10
Suppose 5*t = 4*t - 2. Let s be 14 + t + 5 + -2. Suppose -s = -5*c, -3*i - 4*c + 173 = -31. Calculate the highest common divisor of 8 and i.
8
Suppose 0 = -n - c + 25 + 28, -182 = -4*n + 2*c. What is the greatest common divisor of 27 and n?
3
Let x = -138 - -148. Calculate the greatest common factor of x and 45.
5
Let z(f) be the first derivative of 8*f**2 - 11*f - 7. Let y be z(8). Calculate the greatest common divisor of 13 and y.
13
Suppose 4 = g + 5, 6 = 2*a - 4*g. Calculate the highest common divisor of 59 and a.
1
Let u(g) = 0 - g**2 + 12*g**3 - 6*g + 4*g + 3. Suppose -8*z = -12 - 4. Let p be u(z). What is the greatest common divisor of 1